
Calculate the remainder when 75310 is divided by 219.
193
Calculate the remainder when 3302 is divided by 2300.
1002
What is the remainder when 16273 is divided by 1829?
1641
Calculate the remainder when 2522 is divided by 192.
26
Calculate the remainder when 3596 is divided by 239.
11
Calculate the remainder when 17987 is divided by 243.
5
Calculate the remainder when 171018 is divided by 19.
18
Calculate the remainder when 725216 is divided by 698.
692
Calculate the remainder when 10862 is divided by 1426.
880
Calculate the remainder when 311156 is divided by 18303.
5
What is the remainder when 6632 is divided by 609?
542
Calculate the remainder when 21286 is divided by 21239.
47
What is the remainder when 293157 is divided by 28?
25
Calculate the remainder when 3384764 is divided by 976.
972
Calculate the remainder when 788534 is divided by 38.
34
What is the remainder when 194413 is divided by 116?
113
What is the remainder when 254723 is divided by 830?
743
What is the remainder when 99500 is divided by 16575?
50
Calculate the remainder when 62413 is divided by 573.
529
Calculate the remainder when 6895 is divided by 51.
10
Calculate the remainder when 80793 is divided by 37.
22
What is the remainder when 16562 is divided by 59?
42
What is the remainder when 343219 is divided by 416?
19
Calculate the remainder when 206027 is divided by 55.
52
What is the remainder when 543678 is divided by 32?
30
Calculate the remainder when 36965 is divided by 61.
60
Calculate the remainder when 4191 is divided by 1.
0
What is the remainder when 9289 is divided by 281?
16
What is the remainder when 11854 is divided by 3950?
4
What is the remainder when 759 is divided by 109?
105
What is the remainder when 4145 is divided by 32?
17
Calculate the remainder when 272705 is divided by 302.
301
Calculate the remainder when 48574 is divided by 328.
30
Calculate the remainder when 410560 is divided by 1747.
15
Calculate the remainder when 1993 is divided by 650.
43
Calculate the remainder when 62456 is divided by 374.
372
What is the remainder when 549 is divided by 68?
5
Calculate the remainder when 269991 is divided by 91.
85
Calculate the remainder when 2641 is divided by 90.
31
Calculate the remainder when 5440 is divided by 1773.
121
Calculate the remainder when 4132 is divided by 520.
492
What is the remainder when 9304 is divided by 938?
862
What is the remainder when 37786 is divided by 353?
15
What is the remainder when 741 is divided by 534?
207
Calculate the remainder when 16361 is divided by 1484.
37
Calculate the remainder when 7970 is divided by 81.
32
What is the remainder when 31508 is divided by 78?
74
What is the remainder when 192049 is divided by 230?
229
Calculate the remainder when 861296 is divided by 116.
112
What is the remainder when 80393 is divided by 40195?
3
Calculate the remainder when 373208 is divided by 1419.
11
What is the remainder when 1341 is divided by 249?
96
Calculate the remainder when 476 is divided by 60.
56
What is the remainder when 33663 is divided by 4772?
259
What is the remainder when 45825 is divided by 45786?
39
Calculate the remainder when 13157 is divided by 76.
9
Calculate the remainder when 36707 is divided by 57.
56
What is the remainder when 681 is divided by 39?
18
Calculate the remainder when 9152 is divided by 5.
2
Calculate the remainder when 3129 is divided by 353.
305
What is the remainder when 60060 is divided by 7505?
20
Calculate the remainder when 65396 is divided by 109.
105
Calculate the remainder when 434034 is divided by 851.
24
What is the remainder when 4785 is divided by 99?
33
What is the remainder when 1473 is divided by 1468?
5
What is the remainder when 234775 is divided by 4995?
10
What is the remainder when 25956 is divided by 5?
1
Calculate the remainder when 657 is divided by 432.
225
What is the remainder when 72576 is divided by 5141?
602
Calculate the remainder when 16852 is divided by 5613.
13
Calculate the remainder when 19084 is divided by 124.
112
What is the remainder when 4339 is divided by 390?
49
Calculate the remainder when 78121 is divided by 65.
56
Calculate the remainder when 4698 is divided by 1199.
1101
What is the remainder when 14284 is divided by 56?
4
What is the remainder when 351804 is divided by 281?
273
What is the remainder when 11647 is divided by 150?
97
Calculate the remainder when 40987 is divided by 745.
12
Calculate the remainder when 4393 is divided by 484.
37
What is the remainder when 7054 is divided by 209?
157
What is the remainder when 35037 is divided by 24?
21
Calculate the remainder when 14751 is divided by 13.
9
Calculate the remainder when 811 is divided by 804.
7
Calculate the remainder when 1194013 is divided by 10.
3
What is the remainder when 154111 is divided by 77029?
53
Calculate the remainder when 26192 is divided by 4363.
14
What is the remainder when 817851 is divided by 416?
411
Calculate the remainder when 64075 is divided by 23.
20
Calculate the remainder when 2502 is divided by 1078.
346
Calculate the remainder when 2195 is divided by 612.
359
Calculate the remainder when 10162 is divided by 3310.
232
Calculate the remainder when 82342 is divided by 41166.
10
Calculate the remainder when 34986 is divided by 84.
42
What is the remainder when 813 is divided by 267?
12
Calculate the remainder when 325 is divided by 280.
45
What is the remainder when 16550 is divided by 5129?
1163
Calculate the remainder when 6163 is divided by 196.
87
Calculate the remainder when 2461015 is divided by 87893.
11
Calculate the remainder when 6249 is divided by 890.
19
What is the remainder when 1063072 is divided by 39373?
1
What is the remainder when 24723 is divided by 8229?
36
Calculate the remainder when 366332 is divided by 51.
50
Calculate the remainder when 187313 is divided by 7804.
17
What is the remainder when 265871 is divided by 24?
23
Calculate the remainder when 533137 is divided by 38.
35
What is the remainder when 9837 is divided by 380?
337
Calculate the remainder when 691 is divided by 306.
79
Calculate the remainder when 328 is divided by 155.
18
What is the remainder when 148100 is divided by 244?
236
Calculate the remainder when 112134 is divided by 37318.
180
Calculate the remainder when 2938749 is divided by 14.
9
What is the remainder when 3743 is divided by 3711?
32
What is the remainder when 4138 is divided by 2795?
1343
Calculate the remainder when 3750312 is divided by 1036.
1028
What is the remainder when 34982 is divided by 11653?
23
What is the remainder when 211699 is divided by 30241?
12
Calculate the remainder when 2067 is divided by 121.
10
What is the remainder when 589 is divided by 22?
17
Calculate the remainder when 51903 is divided by 17294.
21
Calculate the remainder when 1241199 is divided by 116.
115
What is the remainder when 35965 is divided by 15?
10
Calculate the remainder when 261928 is divided by 497.
9
What is the remainder when 13927 is divided by 1225?
452
Calculate the remainder when 3662 is divided by 1173.
143
Calculate the remainder when 105640 is divided by 20.
0
Calculate the remainder when 140524 is divided by 46.
40
What is the remainder when 40555 is divided by 765?
10
Calculate the remainder when 144126 is divided by 60.
6
What is the remainder when 42299 is divided by 75?
74
What is the remainder when 159701 is divided by 29?
27
Calculate the remainder when 2400343 is divided by 38.
35
What is the remainder when 3353 is divided by 154?
119
Calculate the remainder when 680 is divided by 3.
2
What is the remainder when 785 is divided by 139?
90
Calculate the remainder when 3733 is divided by 3645.
88
Calculate the remainder when 48916 is divided by 73.
6
What is the remainder when 9954 is divided by 3318?
0
What is the remainder when 35242 is divided by 19?
16
What is the remainder when 2748 is divided by 2721?
27
What is the remainder when 5912 is divided by 310?
22
What is the remainder when 12922 is divided by 17?
2
Calculate the remainder when 18852 is divided by 2087.
69
Calculate the remainder when 483649 is divided by 34.
33
What is the remainder when 665858 is divided by 1158?
8
What is the remainder when 404 is divided by 59?
50
Calculate the remainder when 4459 is divide